457 is divided by 21.
16
What is the remainder when 2764 is divided by 71?
66
What is the remainder when 44 is divided by 2?
0
What is the remainder when 262 is divided by 142?
120
What is the remainder when 1205 is divided by 71?
69
What is the remainder when 4888 is divided by 124?
52
What is the remainder when 158 is divided by 80?
78
What is the remainder when 960 is divided by 296?
72
Calculate the remainder when 342 is divided by 44.
34
What is the remainder when 218 is divided by 54?
2
Calculate the remainder when 1808 is divided by 121.
114
What is the remainder when 22 is divided by 9?
4
Calculate the remainder when 44 is divided by 9.
8
Calculate the remainder when 2830 is divided by 12.
10
Calculate the remainder when 146 is divided by 3.
2
What is the remainder when 790 is divided by 66?
64
Calculate the remainder when 265 is divided by 19.
18
Calculate the remainder when 225 is divided by 60.
45
Calculate the remainder when 1329 is divided by 37.
34
What is the remainder when 182 is divided by 93?
89
Calculate the remainder when 1290 is divided by 37.
32
What is the remainder when 2707 is divided by 101?
81
What is the remainder when 62 is divided by 24?
14
Calculate the remainder when 1588 is divided by 25.
13
Calculate the remainder when 1116 is divided by 14.
10
Calculate the remainder when 270 is divided by 11.
6
What is the remainder when 7291 is divided by 51?
49
Calculate the remainder when 91 is divided by 27.
10
What is the remainder when 622 is divided by 39?
37
What is the remainder when 167 is divided by 161?
6
Calculate the remainder when 530 is divided by 7.
5
What is the remainder when 997 is divided by 50?
47
What is the remainder when 288 is divided by 221?
67
What is the remainder when 35 is divided by 21?
14
Calculate the remainder when 49 is divided by 43.
6
Calculate the remainder when 1926 is divided by 177.
156
What is the remainder when 134 is divided by 5?
4
Calculate the remainder when 196 is divided by 4.
0
What is the remainder when 620 is divided by 38?
12
Calculate the remainder when 324 is divided by 182.
142
Calculate the remainder when 1883 is divided by 238.
217
What is the remainder when 3301 is divided by 151?
130
Calculate the remainder when 181 is divided by 127.
54
Calculate the remainder when 418 is divided by 47.
42
What is the remainder when 90 is divided by 46?
44
What is the remainder when 113 is divided by 82?
31
Calculate the remainder when 107 is divided by 20.
7
What is the remainder when 509 is divided by 26?
15
Calculate the remainder when 764 is divided by 61.
32
Calculate the remainder when 332 is divided by 43.
31
Calculate the remainder when 395 is divided by 229.
166
Calculate the remainder when 709 is divided by 14.
9
What is the remainder when 7519 is divided by 80?
79
Calculate the remainder when 3563 is divided by 12.
11
Calculate the remainder when 3126 is divided by 149.
146
What is the remainder when 203 is divided by 118?
85
What is the remainder when 398 is divided by 160?
78
Calculate the remainder when 194 is divided by 11.
7
Calculate the remainder when 626 is divided by 70.
66
Calculate the remainder when 97 is divided by 11.
9
What is the remainder when 2084 is divided by 8?
4
Calculate the remainder when 2213 is divided by 169.
16
What is the remainder when 245 is divided by 49?
0
Calculate the remainder when 5698 is divided by 16.
2
What is the remainder when 152 is divided by 28?
12
Calculate the remainder when 125 is divided by 5.
0
What is the remainder when 102 is divided by 53?
49
What is the remainder when 418 is divided by 105?
103
Calculate the remainder when 171 is divided by 29.
26
Calculate the remainder when 105 is divided by 11.
6
What is the remainder when 699 is divided by 247?
205
What is the remainder when 92 is divided by 47?
45
Calculate the remainder when 489 is divided by 30.
9
Calculate the remainder when 72 is divided by 26.
20
Calculate the remainder when 247 is divided by 87.
73
Calculate the remainder when 3394 is divided by 35.
34
Calculate the remainder when 7538 is divided by 26.
24
What is the remainder when 41067 is divided by 185?
182
What is the remainder when 2679 is divided by 20?
19
Calculate the remainder when 89 is divided by 23.
20
What is the remainder when 719 is divided by 45?
44
Calculate the remainder when 679 is divided by 62.
59
Calculate the remainder when 685 is divided by 238.
209
What is the remainder when 3950 is divided by 59?
56
Calculate the remainder when 1149 is divided by 91.
57
What is the remainder when 137 is divided by 56?
25
Calculate the remainder when 534 is divided by 9.
3
Calculate the remainder when 791 is divided by 260.
11
Calculate the remainder when 655 is divided by 82.
81
What is the remainder when 361 is divided by 33?
31
Calculate the remainder when 121 is divided by 40.
1
What is the remainder when 2636 is divided by 71?
9
Calculate the remainder when 1558 is divided by 52.
50
What is the remainder when 141 is divided by 20?
1
Calculate the remainder when 662 is divided by 37.
33
What is the remainder when 34 is divided by 19?
15
What is the remainder when 30 is divided by 11?
8
Calculate the remainder when 845 is divided by 168.
5
Calculate the remainder when 456 is divided by 60.
36
Calculate the remainder when 263 is divided by 46.
33
Calculate the remainder when 98 is divided by 36.
26
What is the remainder when 1322 is divided by 439?
5
Calculate the remainder when 11075 is divided by 57.
17
Calculate the remainder when 1774 is divided by 74.
72
Calculate the remainder when 539 is divided by 10.
9
Calculate the remainder when 38 is divided by 15.
8
What is the remainder when 455 is divided by 79?
60
What is the remainder when 11644 is divided by 85?
84
Calculate the remainder when 413 is divided by 32.
29
What is the remainder when 2140 is divided by 16?
12
Calculate the remainder when 14874 is divided by 57.
54
Calculate the remainder when 8 is divided by 7.
1
Calculate the remainder when 240 is divided by 48.
0
Calculate the remainder when 499 is divided by 248.
3
Calculate the remainder when 1954 is divided by 89.
85
Calculate the remainder when 3448 is divided by 38.
28
What is the remainder when 375 is divided by 56?
39
Calculate the remainder when 164 is divided by 17.
11
Calculate the remainder when 401 is divided by 67.
66
What is the remainder when 3166 is divided by 36?
34
What is the remainder when 31 is divided by 17?
14
What is the remainder when 3919 is divided by 230?
9
What is the remainder when 272 is divided by 37?
13
What is the remainder when 956 is divided by 30?
26
Calculate the remainder when 617 is divided by 31.
28
Calculate the remainder when 1170 is divided by 107.
100
Calculate the remainder when 64 is divided by 11.
9
What is the remainder when 1000 is divided by 19?
12
Calculate the remainder when 7497 is divided by 12.
9
What is the remainder when 1295 is divided by 632?
31
What is the remainder when 48 is divided by 4?
0
What is the remainder when 2112 is divided by 92?
88
What is the remainder when 54 is divided by 11?
10
What is the remainder when 1162 is divided by 45?
37
Calculate the remainder when 1783 is divided by 30.
13
Calculate the remainder when 213 is divided by 167.
46
Calculate the remainder when 760 is divided by 64.
56
Calculate the remainder when 26242 is divided by 181.
178
Calculate the remainder when 35 is divided by 27.
8
What is the remainder when 195 is divided by 53?
36
What is the remainder when 163 is divided by 72?
19
What is the remainder when 23 is divided by 23?
0
Calculate the remainder when 1193 is divided by 312.
257
What is the remainder when 962 is divided by 71?
39
Calculate the remainder when 617 is divided by 49.
29
Calculate the remainder when 1553 is divided by 65.
58
What is the remainder when 492 is divided by 45?
42
What is the remainder when 131 is divided by 24?
11
What is the remainder when 375 is divided by 99?
78
Calculate the remainder when 21437 is divided by 32.
29
What is the remainder when 321 is divided by 6?
3
What is the remainder when 138 is divided by 52?
34
What is the remainder when 1922 is divided by 26?
24
What is the remainder when 718 is divided by 10?
8
Calculate the remainder whe